ose o = 5*s - 3*q, 2*q - 3 - 7 = 0. What is the remainder when s is divided by 16?
15
Let r(y) = 8*y + 2. Let j(p) = -24*p - 5. Let f(b) = -4*j(b) - 11*r(b). Let h be f(-6). Calculate the remainder when (-3 + (-1 - -3))*h is divided by 17.
16
Suppose 0 = 2*f + 2*f - 20. Suppose -f*t + 1 = -4, 4*t = 2*w - 54. What is the remainder when 85 is divided by w?
27
Let x = 84 + -23. What is the remainder when 364 is divided by x?
59
Let x = 130 - 231. Let z = x + 173. Calculate the remainder when z is divided by 25 - (-2 - -4) - -2.
22
Suppose -5*v = 3*l - 20, -6*l = -l - 4*v + 16. Let y(f) = -9*f - 7. Let o be y(-5). Suppose l = -0*m - m + o. Calculate the remainder when m is divided by 13.
12
Let x be ((-6)/(-4))/(2/4). Suppose 5*y = 3*m - 29, 0 = m + x*y + 12 - 3. What is the remainder when 8 is divided by m?
2
Suppose 4*y + 4 = -4. Let l be ((-4)/8)/(y/4). Suppose 10 = p + l. What is the remainder when p is divided by 3?
0
Let i = 220 + -195. What is the remainder when 97 is divided by i?
22
Let k(a) = 12 - a + 2*a + 22 - 10. Calculate the remainder when 82 is divided by k(-12).
10
Suppose -544 = -25*p + 17*p. Let l(g) = -4*g. What is the remainder when p is divided by l(-6)?
20
Suppose -346 = -5*x - 66. Let g(b) = 2*b**2 + 40*b - 244. Calculate the remainder when g(9) is divided by x.
54
Suppose 0 = 7*w - 0*w. Suppose -y = 2*d - 30, -3*y - 3*d + d + 94 = w. What is the remainder when ((-6)/(-10))/((-2)/(-310)) is divided by y?
29
Let z = 1233 - 1156. Calculate the remainder when 303 is divided by z.
72
What is the remainder when (-22)/3*-3 + 1 is divided by ((-689)/106)/((-1)/2)?
10
Let a = 911 - 838. What is the remainder when a is divided by 7?
3
Suppose -99*o = -110*o + 220. Suppose 2*g - 76 = g. What is the remainder when g is divided by o?
16
Suppose -40*c + 756 - 116 = 0. What is the remainder when c is divided by 8?
0
Calculate the remainder when 370 is divided by (-4)/2 - ((-67 - 11) + -4).
50
Let r = -185 + 311. Calculate the remainder when r is divided by 15.
6
Suppose g + 0*g = -8. Let c be (-1)/(14/g)*7. Suppose 0 = 5*d - y - 25, -c*d + 3*y + 20 = -11. What is the remainder when 10 is divided by d?
2
Suppose -305 = -3*d + j + 240, -3*d + 525 = 3*j. Calculate the remainder when d is divided by 14.
12
Let v(q) = 21*q**2 + 8. What is the remainder when v(-3) is divided by 25?
22
Suppose -4*t - 5*q = -72, 2*t + 3*q - 36 = 4*q. Calculate the remainder when 197 is divided by t.
17
Let w(r) = r**2 + 5*r - 3. Let f be w(-6). Let l be f + (0 - -3)/(-3). Suppose -l*k + 44 = k + 5*h, 25 = -5*h. Calculate the remainder when 67 is divided by k.
21
Let q be 20/(-12)*3*-1. Suppose 3*r = q + 13. Suppose -r*x - 2 = -176. What is the remainder when 84 is divided by x?
26
Suppose -2*q + 8 = -3*q. Let u(d) = d**2 + 6*d + 22. Let r be u(-10). What is the remainder when 12/q + r/4 is divided by 8?
6
Suppose -4*k + 2 - 18 = 0. Calculate the remainder when (-61*4/2)/(k/2) is divided by 16.
13
Let r be -8 + 8 - (3 - -1). Let d(y) = -3*y - 8. Let h be d(r). Suppose -56 = -h*p - 0*p. Calculate the remainder when 54 is divided by p.
12
Suppose -9*g - 32 = -13*g. Suppose 0 = -4*p - 5 + 1, -2*a = -p - 29. Calculate the remainder when a is divided by g.
6
Let f = 8338 + -8314. What is the remainder when 1248/15 + (-1)/5 is divided by f?
11
Let q = -39 - -40. What is the remainder when (3/(4 - 7))/(q/(-7)) is divided by 4?
3
Suppose 0*i + 9*i = 0. Suppose 3*v + 4*o + 19 = 53, o + 2 = i. What is the remainder when 41 is divided by v?
13
Let y = 169 + -130. Calculate the remainder when 165 is divided by y.
9
Let d(k) = 4 + 0*k**2 + 2*k**2 - 3*k - 11*k + 11*k. Calculate the remainder when d(4) is divided by 5.
4
What is the remainder when 97 is divided by (-3 - -4)/((-21)/(-231))?
9
Let g(u) = 9*u - 2. Let h be g(-1). Let f = h + 15. What is the remainder when f is divided by 1?
0
Suppose -2*z = -4*j - 58, -2*z - z = 2*j - 127. Let q = -66 + 74. Calculate the remainder when z is divided by q.
7
Let j be (1 + 169)*(-10)/(-20). Suppose -7*w + j = -104. Calculate the remainder when w is divided by 14.
13
Suppose 2*g + 52*f - 30 = 57*f, 6 = 3*f. Calculate the remainder when 299 is divided by g.
19
Let b(z) = -z. Let p be b(-5). Suppose p*i - 71 = 3*j, -3*j = j + 8. Suppose -15*h - 4911 = -5451. What is the remainder when h is divided by i?
10
Suppose 3*q - 135 = -3*v, 2*v + 7*q - 94 = 4*q. Let t(u) = u**3 + 10*u**2 + 6*u - 13. What is the remainder when v is divided by t(-9)?
13
Suppose 5*j + 6*j - 209 = 0. Suppose 4*h = -103 + 323. What is the remainder when h is divided by j?
17
What is the remainder when (-34 + 23)/((-262)/130 + 2) is divided by 10?
5
Let u = 119 + -114. What is the remainder when u is divided by 4?
1
Let c = -85 + 103. Suppose -x = -c - 21. What is the remainder when x is divided by 10?
9
Let s = -29 + 43. Let w be (-21)/6*(-48)/s. Calculate the remainder when (308/w)/(2/6) is divided by 39.
38
Suppose 0 = -18*q + 538 + 596. Calculate the remainder when 439 is divided by q.
61
Let x = -26 - -17. Let s = 26 + x. What is the remainder when (-132)/(-2) + 0 + 0 is divided by s?
15
Suppose -5*o = -4*p - 500, 182 = -2*o + 4*o + 2*p. What is the remainder when o is divided by 20?
16
Let t(l) = l**3 + 2*l**2 - 6*l - 7. Let z be t(-3). Suppose -m - 56 = -z*m. Suppose -5*f = -m - 44. Calculate the remainder when 79 is divided by f.
19
Suppose 0*n - 103 = -2*n - 5*j, j = 5*n - 217. Suppose 7*b = 2*b - 5*z + 270, b - n = -3*z. What is the remainder when b is divided by 15?
14
Suppose 2*d = -s + 455 + 522, -5*d = 4*s - 2441. Calculate the remainder when d is divided by 13.
8
Suppose -10 + 2 = 4*l. Let g(h) = h**3 - 4*h**2 - 2*h + 6. Let q be g(5). Calculate the remainder when 4 + -4 + (q - l) is divided by 8.
7
Suppose 0 = -g - 4*o + 18, 2*g - 3*g = 2*o - 20. Calculate the remainder when 62 is divided by g.
18
Suppose 3*d = 3*f - 2166, 5*f = 10*f + 5*d - 3660. What is the remainder when f is divided by 91?
90
Suppose 5*p - 174 = 11. What is the remainder when (-9 + (-508)/(-8))*2 is divided by p?
35
Suppose 2487 - 453 = 18*h. Calculate the remainder when h is divided by ((-13)/(-2))/((-1)/(-6)).
35
Let v(z) = -z**3 + z - 1. Let y(x) = -3*x**3 + 8*x**2 + 5*x - 49. Let t(j) = 4*v(j) - y(j). What is the remainder when 12 is divided by t(-7)?
0
Suppose 2 = -5*o + 17, -o - 499 = -n. Calculate the remainder when n is divided by 14.
12
Let g be (-66)/(-60) - 1/10. Let x = g - -4. Calculate the remainder when 168/9 + (-2)/3 is divided by x.
3
Suppose 2*o + 108 = -2*o. Let k = o + 47. Calculate the remainder when 39 is divided by k.
19
Suppose -9*i + 35 = -2*i. Suppose 0 = -i*f - 3*z + 38, 0 = f + 2*f + z - 26. What is the remainder when 148 is divided by f?
8
Suppose 21*w = 19*w + 4. Suppose -2*h + 54 = w*h - x, 0 = -5*x + 10. What is the remainder when 27 is divided by h?
13
Let y = -32 - -35. Suppose 2*l - 11 = -y. What is the remainder when 17 is divided by l?
1
Suppose -24*g = -3691 + 163. Calculate the remainder when g is divided by 79.
68
What is the remainder when (-12 + (-1162)/(-21))/(2/6) is divided by 25?
5
Let y be -5*4/(-30)*33/2. Let v = 29 - y. Calculate the remainder when v is divided by 10.
8
Suppose -d = -3*y + 14, -5*y = -0*d + 3*d. Suppose -4*a = -q + 28, -a + 0 = y. Let r = 2 - -3. What is the remainder when q is divided by r?
1
Suppose 0 = 1842*x - 1844*x + 568. What is the remainder when x is divided by 16?
12
Let w(l) be the third derivative of 0*l - 1/12*l**4 + 0 + 1/60*l**5 + 5/3*l**3 + 4*l**2. What is the remainder when w(6) is divided by 18?
16
What is the remainder when 180 + 0/(48/(-12)) is divided by 93?
87
Suppose 0 = 193*p - 187*p - 2484. What is the remainder when p is divided by 70?
64
Let h(q) = -40*q - 30. What is the remainder when 245 is divided by h(-2)?
45
Suppose 6 = 2*r, 5*t = -5*r + 13 + 12. Suppose 2*j - t*s = s + 134, 240 = 4*j + s. Calculate the remainder when j is divided by 14.
5
Suppose 9*f + 12*f = 504. Suppose 2*g + a + 663 = 0, 4*g + 7*a = 2*a - 1329. Let u = -236 - g. What is the remainder when u is divided by f?
23
Let o(i) = i - 1. Let w(n) = n. Let t(r) = o(r) - 4*w(r). Let y = -109 - -157. What is the remainder when y is divided by t(-6)?
14
Let f = -1220 + 1300. Calculate the remainder when 230 is divided by f